 = i + 77. Let d be o(0). Let y be (27/6)/((-3)/(-12)). Suppose -y*f - 6*f = -792. Calculate the highest common divisor of f and d.
11
Suppose 3*f - 1272*c - 46241 = -1271*c, 3*c - 3 = 0. Calculate the greatest common factor of f and 84.
42
Let q = -3 + 5. Suppose 0 = -5*o + 10. Suppose q*i + o*h = 76, 3*h = 4*i - i - 108. Calculate the highest common divisor of i and 259.
37
Let f = 606 - 430. Let d be (-19)/1 + 3/(-1) - 0. Let z be (d/(-12))/((-4)/(-24)). Calculate the highest common factor of f and z.
11
Let n = -67 + 88. Let b(l) = 2*l**2 - 11*l + 112. Let m be b(-7). Calculate the highest common divisor of n and m.
7
Let x = 20 - 3. Suppose -19 = -9*m + x. Suppose 84 = 3*z + m*k, -1 = 5*z + 5*k - 136. Calculate the highest common divisor of z and 3.
3
Let q = -3296 + 6771. Calculate the highest common divisor of q and 25.
25
Suppose 39 = 4*u - 1. Suppose 7*w - 168 = -w. Suppose -w = h - 91. Calculate the greatest common factor of u and h.
10
Let x be -6 - 19/(95/(-200)). Calculate the greatest common divisor of x and 918.
34
Suppose -2*w + 2715 - 453 = 3*a, a - 741 = -5*w. Calculate the greatest common factor of a and 112.
28
Let q = -3 - -4. Let g be ((-6)/(-12))/((-3)/(-2) + -2). Let k be (1/(-2))/(g/52*2). What is the greatest common divisor of k and q?
1
Suppose -3 = -2*l - 3*r, 5*l = 2*l + 5*r + 33. Let z be (-135)/l*(-8)/10. Let o be 2/6*270/2. What is the greatest common divisor of z and o?
9
Let b = 3517 - 3286. What is the greatest common divisor of 2604 and b?
21
Suppose 8*j - 3*n = 3*j - 1045, -4*j - 843 = -n. Let u = j - -382. What is the greatest common divisor of u and 119?
17
Let z(y) = 6 + 53*y - 27*y - 29*y. Let v be z(-8). What is the greatest common divisor of 6 and v?
6
Let t be (-1)/((-3)/120) - -8. Let k = 410 - 242. Calculate the greatest common factor of t and k.
24
Suppose s + 3*a + 0*a - 1 = 0, -5*a = 5. Let q = 8 - s. Suppose -2*h + q*h = 2*n - 142, 0 = 4*n - 5*h - 285. What is the greatest common factor of n and 28?
14
Let y(i) = -4*i + 43. Let d be y(8). Suppose -d*w - 80 = -15*w. Let k = w - 7. What is the highest common divisor of k and 91?
13
Let h be (-11964)/3*(33/12 + -3). Let g = h - -31. Let y be 0 - 4 - g/(-4). Calculate the greatest common factor of y and 23.
23
Let w(s) = -s**3 + 31*s**2 + 58*s + 271. Let m be w(33). Suppose 4*j + 60 - 452 = 0. What is the greatest common factor of m and j?
7
Let m(f) = -17*f + 24*f + 12 + 40*f. Let z be m(-6). Let h be (2 - 18/6)/(2/z). Calculate the greatest common factor of h and 15.
15
Let n = -25468 - -46593. What is the highest common factor of 338 and n?
169
Let k(c) = 170*c - 1635. Let z be k(12). Suppose -d - 4*g - g = 0, -6 = 2*g. What is the highest common divisor of z and d?
15
Let c = 4868 + -4795. Calculate the greatest common divisor of c and 16717.
73
Let n = -143 - -146. Suppose -198 = -n*q + 63. Calculate the highest common factor of 116 and q.
29
Let h(v) = 8*v - 2 - v**2 + 21 - 11. Let m be h(-2). Let p be (-190)/m + (174/(-36) - -5). Calculate the greatest common factor of p and 12.
4
Let r = 15 - -6. Let p = -524 + 755. What is the highest common divisor of r and p?
21
Let j be 0 + 23 + 3/(-3). Suppose -q = -2*s - 10, -s - j = -q + 4*s. Let w be 0 + q + -4 + 26. Calculate the greatest common factor of w and 12.
12
Let r be (-18)/(-4 + 503/126). Suppose 7*z - r + 259 = 0. Suppose 4*p + 68 = -t + z, p - 81 = 5*t. Calculate the greatest common factor of p and 84.
28
Let w be (11/11)/(2 + (-541)/271). Let v = w + -221. What is the highest common divisor of v and 50?
50
Suppose 0 = 8*a + 35 - 507. Suppose 9 - a = -2*x. Suppose -110 - 230 = -2*y - 5*w, 0 = 5*y - 3*w - 881. Calculate the highest common factor of y and x.
25
Suppose -16*g = -7081 - 2679. Let o = -519 + g. What is the highest common divisor of 65 and o?
13
Let f be (216/1197 - (-2)/(-7)) + (-8385)/(-57). Calculate the greatest common factor of f and 1344.
21
Suppose s - 5*s + 16 = 0. Suppose -18*p - 97 = -385. Calculate the greatest common divisor of p and s.
4
Let u = 33 - 41. Let d be (6/15)/((16/(-50))/u). Suppose 2*c = 0, -3*c - 4 = -n - 7*c. What is the greatest common factor of d and n?
2
Let b be 0 + (-1 - 0) + 22. Suppose 115 = -7*p + 360. Suppose -p - 154 = -3*y. What is the greatest common factor of b and y?
21
Let q be ((-7)/(-3))/((-4)/(-24)). Let v(l) = 2*l + l**2 - 7*l + 2*l**2 - 38 + 19*l. Let n be v(6). Calculate the greatest common divisor of n and q.
14
Suppose 0 = 2*d, -2*t - 364 = -6*t - 4*d. Let g(a) = a + 3. Let c be g(5). Suppose 4*s + c - 60 = 0. Calculate the highest common divisor of s and t.
13
Let r(u) = -5*u - 69. Let q be r(-14). Let f be 0 + q/(4/20). Let i be (28/f)/(((-80)/(-25))/8). What is the highest common factor of i and 70?
14
Let y = -11697 - -12240. Calculate the highest common divisor of 2896 and y.
181
Let u be 37 - (-8 + (-36)/9). Suppose -s + 25 + 24 = 0. What is the greatest common divisor of s and u?
49
Suppose -17354*s = -17378*s + 126024. What is the greatest common divisor of s and 236?
59
Let o = -184 + 185. Calculate the highest common divisor of o and 1093.
1
Suppose 7*u + 3*v = 2*u - 65, v = 5. Let p be (-1)/4 - ((-7692)/u)/(-3). Calculate the highest common divisor of p and 10.
10
Let r(q) = -q**2 + 5*q + 9. Let z be r(5). Let o be ((-10)/4)/((-1)/6). Let g be ((-243)/o)/(5/(-25)). Calculate the highest common divisor of z and g.
9
Let q = -55 + 60. Let l be 24/q*(1 - 14/(-6)). Suppose -15*c + 16*c - l = 0. Calculate the highest common divisor of 2 and c.
2
Suppose -19*s + 4640 = s - 0*s. Calculate the highest common divisor of 136 and s.
8
Let g = 83 - 87. Let t = g + 7. Suppose 3*h - t*w - 522 = 0, -5*h = w + 3*w - 834. What is the greatest common factor of 34 and h?
34
Let z(o) = 220*o**3 + 2*o**2 + 5*o + 4. Let r be z(-1). Let n = r - -352. Calculate the greatest common factor of n and 57.
19
Let g(t) = -112*t**3 + 2*t**2 + t. Let r be g(-1). Let n = 131 - r. Calculate the greatest common divisor of 27 and n.
9
Let h(k) = -2*k**2 + 3*k + 29. Let v be h(-3). Suppose 20 + 18 = v*n. What is the highest common factor of n and 1?
1
Suppose 0 = 4*r - 5 + 5. Suppose -2*b = 4*s - 190, r = 4*s - 0*s - 4*b - 196. What is the greatest common factor of 96 and s?
48
Let j be (-6)/9 + (4084/24 - 48/(-32)). Calculate the highest common divisor of j and 4503.
57
Suppose -5*b + 3*j = 64 + 32, 0 = -3*b - j - 52. Let u be ((-84)/(-10))/(b/(-60)). Calculate the greatest common factor of u and 252.
28
Let b(t) = 3*t**2 + 7*t + 20. Let y be b(-6). Let s = 96 - y. Suppose 3*o - 21 = 3*d, 3*o - 13 = 4*d + 13. What is the greatest common divisor of o and s?
2
Let b = -360 - -571. Suppose 15*o + b = 511. What is the greatest common divisor of o and 5?
5
Let w(z) = -9*z - 5. Let y be w(-2). Suppose 78 = 3*n + 3*o, 94 = 4*n + y*o - 14*o. What is the highest common factor of n and 120?
24
Let j be 124/(-4)*(-1 - 0). Suppose 24 = -27*n + j*n. Suppose 1 - 13 = -n*x. What is the greatest common divisor of 5 and x?
1
Suppose -5*k = -3*j - 1844, -3*j = -154*k + 151*k + 1116. What is the highest common divisor of 154 and k?
14
Let g = 363 + -341. Let i(q) = 13*q - 125. Let h be i(g). What is the highest common divisor of 7 and h?
7
Suppose -11 = 2*f - 1, 4*q = -3*f - 11. Suppose 2*g - 4*z - 18 = 0, -g + z + 4 = -2. Let h be -27*q/(-3)*g. What is the greatest common factor of 9 and h?
9
Suppose -661*u + 665*u = 80. Let z be (910/u)/(2/4). Calculate the highest common divisor of z and 39.
13
Suppose 42*v + 35911 = 4*p + 37*v, -3*v = -4*p + 35913. Calculate the greatest common divisor of 369 and p.
123
Let q(g) = -g**3 - 12*g**2 + 2. Let f be q(-12). Let l be (-40)/(-7) + (-2 - (-64)/(-168)*-6). Calculate the highest common factor of f and l.
2
Suppose 5*n = 14*n + 40*n - 3298386. What is the highest common factor of 78 and n?
78
Let g(s) = -s**2 - 9*s - 41. Let f be g(16). Let w = f + 1265. Suppose 0 = -8*k + w + 400. What is the highest common factor of k and 9?
9
Suppose -5*i = -5*h - 225, 4*i = -104*h + 106*h + 178. Let y = 243 - -76. What is the greatest common divisor of y and i?
11
Suppose 7*c + 5*y = 2*c, 3*c - 6 = -y. Suppose 0 + c = s. Suppose 108 = -s*n + 6*n. Calculate the highest common factor of n and 18.
18
Suppose 0 = 9*k + 436 - 1327. Calculate